 composite?
True
Let l be 3*(-1)/(-3) + 1. Let u be 293/(l + (3 - 4)). Suppose k - 2*k + u = 0. Is k prime?
True
Suppose -4012 = 41*j - 45*j. Is j composite?
True
Let r(h) = 48*h**2 + 68*h - 139. Is r(-31) prime?
False
Suppose -2*w = 3*h - 111363, -2*h + w = -61709 - 12540. Is h a composite number?
False
Suppose 3*h - 22851 = -4*w, 0 = -4*w - 12. Is h prime?
True
Suppose -f + 2*q + 14963 = 0, f - 3*q - 5718 = 9250. Is f a composite number?
True
Let w(y) = y + 12. Let n be w(-13). Let d be (15 - -14)/(n/8). Let o = d + 483. Is o prime?
True
Let q = 13463 + -6042. Is q composite?
True
Suppose 1 + 3 = -2*m, -4*g - m = 2166. Let c = g - -1310. Is c a composite number?
False
Suppose -9078 = -j + 5*l, -3*j + 2*j + l = -9074. Is j composite?
True
Let k(r) be the third derivative of -r**6/40 + r**5/12 + r**4/12 - r**3/6 - 7*r**2. Is k(-7) a composite number?
False
Suppose 9*z = 10*z - 11. Suppose z*m = 8*m + 753. Is m a composite number?
False
Suppose -3*w + 8189 = -z, -5*z + 4*z - 5460 = -2*w. Is w a composite number?
False
Let g = -9703 - -20426. Is g composite?
False
Let o(d) = -d**3 + 69*d**2 + 2*d - 19. Is o(29) composite?
False
Suppose a - 3*u - 29720 = 2996, -2*a - 3*u = -65405. Is a a composite number?
False
Let f(x) = 9*x**2 - 12*x + 13. Is f(4) prime?
True
Let o = 6720 - 1553. Is o a composite number?
False
Let p = -750 - -1589. Is p prime?
True
Suppose 35 = 3*n - 10. Let h(d) = 3*d**3 + 16*d**2 - 2*d + 12. Let q(o) = -4*o**3 - 16*o**2 + 2*o - 11. Let b(x) = 5*h(x) + 4*q(x). Is b(n) prime?
True
Suppose -j - 4*r + 1 = -178, 0 = -4*j + 4*r + 776. Is j a composite number?
False
Let o(q) = q**2 - 12*q + 4. Let h be o(12). Suppose 4*l = -4*a + 848, l + 152 + 902 = 5*a. Suppose -a = -5*v + h. Is v a composite number?
False
Suppose 3*z + 3*q + 29 = 68, -2*q = -4*z + 70. Suppose 6*s = 2*s + z. Suppose -h = -s*n + 345, -78 = -n + 5*h - 2*h. Is n prime?
False
Let t(x) = 8*x - x**2 + 41*x - 12*x + 0*x**2 - 3. Is t(17) a composite number?
False
Suppose -6 = 2*k + g, 4*g - g = -3*k - 6. Let l be (2/4)/(k/(-24)). Suppose 199 = l*o - 2*o. Is o composite?
False
Let r = 281 - 42. Suppose 4*g = -r + 891. Is g a composite number?
False
Suppose 34*r = 39*r - 25755. Let h = r + -3002. Is h prime?
False
Let u be ((-8)/24)/((-3)/(-9)). Let t be (u - 5)/((-3)/(-2)). Let x(f) = -186*f - 1. Is x(t) a prime number?
True
Let l(y) = -15*y**2 + 6*y + 3. Let z be l(5). Let r(p) = 88*p**2 + 5*p + 2. Let h be r(-3). Let i = h + z. Is i composite?
True
Suppose -18*c + 21*c - 6 = 0. Suppose c*t - 159 = -11. Is t a composite number?
True
Suppose -24*h = -7*h - 958307. Is h composite?
True
Suppose 36 = 3*z - 2*h, 1 - 63 = -5*z + 4*h. Let k be 1 - 5/z*-4. Suppose -f - k*f + 452 = 4*m, -f + 573 = 5*m. Is m prime?
False
Suppose 2*v = -1 + 25. Suppose 0 = -4*q + 12, -v = -5*g - q - 3*q. Suppose g = 3*k + 4*j - 1055 - 134, -j = -3*k + 1214. Is k a prime number?
False
Let l(g) = -g**2 + 6*g + 6. Let z be l(4). Let a be 105/z*(43 - -1). Suppose -a - 765 = -5*o. Is o prime?
False
Suppose -6*j = -10216 - 182. Is j a composite number?
False
Suppose 0 = -x + 5, 4*x + 2 = -2*j + 22. Suppose 3*c + 2*c - 645 = j. Is c a prime number?
False
Suppose 11 = w - 0. Is 118/6*(w - -46) a prime number?
False
Suppose 0 = -3*d + 3*x - 2*x + 50428, -5*d = 2*x - 84065. Is d a prime number?
True
Let n = 2542 - 788. Is n composite?
True
Is ((-12234)/9 + (-10)/6)/(-1) a composite number?
False
Let d be 1*-37 - (-17 - -17). Let l = 40 + d. Suppose -4*a + 311 = -3*a - h, 2*a - l*h - 626 = 0. Is a prime?
True
Suppose -4*f + 8 = -8*f. Let u(r) = -r**3 + 15*r**2 - 13*r - 17. Let d be u(14). Is (-23)/(d + (-5)/f) a composite number?
True
Let u be 1/2 - 6/12. Suppose u = 2*b + 4. Let p(q) = 23*q**2 - 2*q - 3. Is p(b) a composite number?
True
Let c = -114 + 76. Let i = c + 69. Let s = i - -310. Is s prime?
False
Suppose j = -p + 1, -j + 7 = 2*p + p. Is (1 + (381 - p))*5 a composite number?
True
Let a be (1 - 318)*(-17 - -10). Suppose -3*f - a = -10*f. Is f prime?
True
Let p be (-1 + 4)*(6 + -5). Suppose -10 = -5*g, 3*d - g - p*g - 1210 = 0. Let n = d - -111. Is n composite?
True
Let k be 12/(-4) + 3 + 669. Suppose -5*n - k = -8*n. Is n composite?
False
Suppose -5*y - 3*z - 970 = 0, 2*z - 945 = 8*y - 3*y. Let l be (-33*3)/((-3)/2). Let s = l - y. Is s prime?
True
Suppose 5*g + a = 15, -g - 18 = -0*g - 4*a. Suppose 12 = -5*y + 3*i, 5*i = 2*y - y - g. Is (y + 2 - 0)*-337 composite?
False
Suppose 24 = 5*w - 16. Is (w - -3213)/(1 + 0) a composite number?
False
Let i(z) = 25*z + 21. Suppose -37 = -l - 23. Is i(l) prime?
False
Let f = -60 - -73. Suppose f*u = 8*u + 7330. Is u a prime number?
False
Let b = -34 - -38. Suppose -2*s - 2775 = -2*x - 3*x, -b*x = 2*s - 2202. Is x a prime number?
False
Let v = -8444 - -19843. Is v prime?
True
Suppose 252 = r + 2*r. Let n = r + 589. Is n composite?
False
Suppose 15*o - 78827 = 82438. Is o prime?
False
Let j(d) = -1844*d + 121. Is j(-6) composite?
True
Let f(w) = 2*w + 5. Let a be f(-11). Let g = 14 + a. Let i(h) = -511*h + 2. Is i(g) a composite number?
True
Let h = 53515 + -34988. Is h a prime number?
False
Let x be (-2)/4*8/1. Let w(n) = -16*n**2 + n - 5. Let a(y) = -8*y**2 + y - 3. Let h(s) = -5*a(s) + 2*w(s). Is h(x) a prime number?
False
Let b be ((-48)/40)/(3/(-320)). Suppose a + y - 130 = 0, 2*a - b - 117 = 3*y. Is a a prime number?
True
Suppose 2*k - 14 = -5*k. Suppose 0 = 2*j - 4*h - 422, -5*h + 980 = 3*j + k*j. Suppose 0 = -6*z + 5*z + j. Is z prime?
False
Suppose 0 = b - 2, j - 2*j - 4*b + 6811 = 0. Is j a prime number?
True
Suppose -3*z + 4 = -2*z. Suppose z*h - 1032 = -4*j + 484, 0 = 2*j - h - 758. Is j composite?
False
Suppose 5*z - 9 = -3*s, 0*s + 2*s - 6 = -2*z. Suppose -1004 - 6373 = -s*i. Is i prime?
True
Suppose 21*t - 34*t = -10595. Is t composite?
True
Let h(d) = -661*d**3 - 6*d**2 + d - 7. Is h(-3) a prime number?
True
Let b = -2255 - -8862. Is b a composite number?
False
Let y(x) = 3*x**2 + 41*x - 17. Is y(12) composite?
False
Suppose -2*h = -u + 673, -5 - 3 = -4*h. Suppose 2369 - u = -3*q. Let f = q - -1033. Is f a prime number?
False
Let v be (-3)/3*4/(-2). Suppose -y + 16 = -5*b, 12 - v = -5*b - 5*y. Is (-2)/b*(-423)/(-6) prime?
True
Suppose 3*y = 8*y. Suppose -3*m = -2*w + 6*w - 987, y = -m - 3. Let k = w - 122. Is k composite?
False
Suppose -4*d = -4*t - 0*d, -5*d - 2 = -3*t. Let z be (t + (-14)/(-8))*740. Suppose -3*a + z = 18. Is a prime?
True
Suppose 4*a - 779 + 159 = -4*b, -4*b + 5*a = -593. Suppose -4*m - 4*n + 605 = -n, m = -n + b. Is m a composite number?
False
Let s = 74 - 74. Suppose s = 17*u - 24*u + 32263. Is u composite?
True
Suppose 21 = -5*r + 81. Suppose -r*g + 7*g + 2255 = 0. Suppose d + 3*d = k + 633, -4*k + g = 3*d. Is d composite?
False
Is ((-634)/(-3))/(-1 - (-55)/45) prime?
False
Let b(t) be the third derivative of -t**6/60 - t**5/12 - t**4/4 - t**3/2 - t**2. Let k(j) = 3*j**2 - 94*j + 27. Let f be k(31). Is b(f) a prime number?
False
Let u(d) = d**3 - 9*d**2 - 11*d + 14. Let s be u(10). Suppose 0 = -s*b, 4*a - b - b - 124 = 0. Is a composite?
False
Is (-97767)/(-189) - (-2)/(-7) a composite number?
True
Let j(h) = -h**3 - 8*h**2 - 8*h - 15. Let p be j(-11). Let g be p/4 - (2 + -2). Suppose 0*u = u - g. Is u composite?
False
Suppose 0 = -4*k - 1168 - 3152. Let g = -599 - k. Is g prime?
False
Let m(q) = 262*q**2 - 13*q - 101*q**2 + 14*q + 779*q**2. Is m(-1) a prime number?
False
Let b be (40338 - (1 + 2)) + 3. Let m be b/45 + 4/(-10). Suppose l = -3*x + m, -2*x + 713 - 3368 = -3*l. Is l prime?
True
Suppose -3*v = 2*w - 33380, -5*v = 2*w - 8*v - 33380. Let y = w + -11907. Is y a prime number?
True
Let b(y) = 9*y**2 - y - 2. Let h(x) = -x**3 + 12*x**2 - 11*x + 2. Let i be h(11). Let c be b(i). Is (c + 2)/((-6)/(-15)) a prime number?
False
Suppose 2*l - 12 - 14 = 0. Let g(j) = -8*j + 11 + l*j - 3*j + 4*j**2. Is g(4) prime?
True
Suppose 3*s = 7 + 5. Let p(c) = 10*c**2 + 4*c + 7. Let v(f) = -10*f**2 - 3*f - 7. Let i(r) = -4*p(r) - 5*v(r). Is i(s) prime?
True
Let g(r) = 125*r - 11. Let f(k) = -4*k**3 + 60*k**2 - 3 + 6*k + 2*k**3 - 57*k**2 + k**3. Let z be f(4). Is g(z) prime?
False
Suppose -4*d + 3654 = 2*z, -7*d - 2743 = -10*d - 4*z. Is d composite?
True
Let i be ((-92)/(-12))/(2/(-192)). Let h = 1171 + i. Suppose -4*k + 312 = -3*u -